lculate the remainder when 7836 is divided by 23.
16
What is the remainder when 15901 is divided by 1960?
221
Calculate the remainder when 5892 is divided by 1175.
17
Calculate the remainder when 838 is divided by 417.
4
What is the remainder when 36707 is divided by 99?
77
What is the remainder when 31121 is divided by 57?
56
Calculate the remainder when 110410 is divided by 13801.
2
Calculate the remainder when 117502 is divided by 2670.
22
Calculate the remainder when 355882 is divided by 464.
458
Calculate the remainder when 3557 is divided by 137.
132
Calculate the remainder when 1268 is divided by 278.
156
Calculate the remainder when 3093341 is divided by 7.
6
What is the remainder when 5876323 is divided by 123?
121
Calculate the remainder when 22296 is divided by 3708.
48
Calculate the remainder when 188 is divided by 16.
12
Calculate the remainder when 30611 is divided by 245.
231
What is the remainder when 5976 is divided by 993?
18
Calculate the remainder when 22702 is divided by 210.
22
Calculate the remainder when 8734 is divided by 72.
22
What is the remainder when 235923 is divided by 61?
36
Calculate the remainder when 2167 is divided by 1945.
222
Calculate the remainder when 2597 is divided by 304.
165
Calculate the remainder when 191893 is divided by 11.
9
What is the remainder when 49172 is divided by 204?
8
What is the remainder when 1634 is divided by 26?
22
Calculate the remainder when 10902 is divided by 10855.
47
Calculate the remainder when 4407 is divided by 3763.
644
What is the remainder when 73727 is divided by 66?
5
What is the remainder when 251100 is divided by 133?
129
What is the remainder when 38392 is divided by 65?
42
What is the remainder when 6475 is divided by 51?
49
What is the remainder when 15208 is divided by 36?
16
Calculate the remainder when 612894 is divided by 286.
282
What is the remainder when 328 is divided by 123?
82
What is the remainder when 2133 is divided by 22?
21
What is the remainder when 2792 is divided by 16?
8
What is the remainder when 11084808 is divided by 22?
20
Calculate the remainder when 7726 is divided by 1028.
530
What is the remainder when 82736 is divided by 20682?
8
Calculate the remainder when 933815 is divided by 328.
327
Calculate the remainder when 751 is divided by 76.
67
Calculate the remainder when 905750 is divided by 29.
22
What is the remainder when 9587 is divided by 255?
152
Calculate the remainder when 61575 is divided by 20507.
54
Calculate the remainder when 36315 is divided by 14.
13
Calculate the remainder when 521171 is divided by 130292.
3
What is the remainder when 509216 is divided by 69?
65
What is the remainder when 33960 is divided by 6792?
0
Calculate the remainder when 5011 is divided by 2407.
197
Calculate the remainder when 24180 is divided by 20.
0
What is the remainder when 48613 is divided by 59?
56
Calculate the remainder when 401069 is divided by 71.
61
Calculate the remainder when 4963 is divided by 1088.
611
What is the remainder when 1340 is divided by 121?
9
What is the remainder when 2327 is divided by 683?
278
What is the remainder when 33635 is divided by 307?
172
What is the remainder when 5839 is divided by 5835?
4
What is the remainder when 3810 is divided by 346?
4
Calculate the remainder when 64138 is divided by 31.
30
Calculate the remainder when 616892 is divided by 176.
12
What is the remainder when 123074 is divided by 34?
28
What is the remainder when 21963 is divided by 111?
96
Calculate the remainder when 330821 is divided by 11.
7
Calculate the remainder when 628040 is divided by 263.
259
Calculate the remainder when 19126 is divided by 6361.
43
Calculate the remainder when 4331 is divided by 647.
449
Calculate the remainder when 42540 is divided by 157.
150
Calculate the remainder when 49420 is divided by 16.
12
Calculate the remainder when 2364 is divided by 132.
120
What is the remainder when 2466020 is divided by 49?
46
What is the remainder when 8911 is divided by 23?
10
What is the remainder when 4941 is divided by 249?
210
What is the remainder when 1722 is divided by 429?
6
Calculate the remainder when 5086 is divided by 2543.
0
What is the remainder when 83564 is divided by 130?
104
Calculate the remainder when 75218 is divided by 34.
10
What is the remainder when 110952 is divided by 54?
36
What is the remainder when 2836 is divided by 84?
64
What is the remainder when 8190 is divided by 80?
30
Calculate the remainder when 39458 is divided by 58.
18
What is the remainder when 33326 is divided by 69?
68
What is the remainder when 160330 is divided by 53430?
40
Calculate the remainder when 322823 is divided by 242.
237
Calculate the remainder when 897192 is divided by 1605.
1602
Calculate the remainder when 158854 is divided by 220.
14
What is the remainder when 4356 is divided by 20?
16
Calculate the remainder when 5621753 is divided by 1559.
1558
Calculate the remainder when 206668 is divided by 1602.
10
What is the remainder when 29357 is divided by 9783?
8
What is the remainder when 15551 is divided by 5?
1
Calculate the remainder when 11104 is divided by 2750.
104
What is the remainder when 1769 is divided by 282?
77
Calculate the remainder when 549205 is divided by 17.
3
Calculate the remainder when 92497 is divided by 49.
34
Calculate the remainder when 12147 is divided by 243.
240
Calculate the remainder when 259598 is divided by 110.
108
Calculate the remainder when 994 is divided by 106.
40
Calculate the remainder when 6034 is divided by 1507.
6
Calculate the remainder when 18766 is divided by 18587.
179
Calculate the remainder when 552099 is divided by 334.
331
What is the remainder when 18699 is divided by 67?
6
Calculate the remainder when 85150 is divided by 171.
163
Calculate the remainder when 59799 is divided by 705.
579
What is the remainder when 266809 is divided by 40?
9
What is the remainder when 52673 is divided by 5266?
13
What is the remainder when 33041 is divided by 171?
38
What is the remainder when 970 is divided by 448?
74
Calculate the remainder when 3631 is divided by 721.
26
What is the remainder when 100755 is divided by 44?
39
What is the remainder when 170081 is divided by 33?
32
What is the remainder when 98044 is divided by 265?
259
Calculate the remainder when 37317 is divided by 38.
1
Calculate the remainder when 972 is divided by 171.
117
What is the remainder when 529467 is divided by 15?
12
Calculate the remainder when 754968 is divided by 97.
17
What is the remainder when 10512 is divided by 210?
12
Calculate the remainder when 734249 is divided by 1388.
1385
Calculate the remainder when 2610 is divided by 251.
100
What is the remainder when 46208 is divided by 1074?
26
Calculate the remainder when 697846 is divided by 13.
6
What is the remainder when 1834 is divided by 63?
7
What is the remainder when 477332 is divided by 1843?
1838
What is the remainder when 761245 is divided by 1250?
1245
What is the remainder when 2489 is divided by 195?
149
Calculate the remainder when 18523 is divided by 458.
203
Calculate the remainder when 4641 is divided by 189.
105
What is the remainder when 1163 is divided by 174?
119
Calculate the remainder when 158307 is divided by 45.
42
Calculate the remainder when 3695 is divided by 19.
9
Calculate the remainder when 2898 is divided by 146.
124
What is the remainder when 123034 is divided by 21?
16
Calculate the remainder when 201571 is divided by 100769.
33
What is the remainder when 63119 is divided by 734?
729
Calculate the remainder when 36198 is divided by 2784.
6
What is the remainder when 4458 is divided by 5?
3
What is the remainder when 1412 is divided by 1394?
18
Calculate the remainder when 8889 is divided by 1266.
27
What is the remainder when 6574653 is divided by 1452?
1449
What is the remainder when 8031 is divided by 890?
21
What is the remainder when 22301 is divided by 3713?
23
Calculate the remainder when 138624 is divided by 34652.
16
Calculate the remainder when 1152 is divided by 11.
8
Calculate the remainder when 51296 is divided by 5126.
36
Calculate the remainder when 20110 is divided by 54.
22
Calculate the remainder when 6309 is divided by 5923.
386
Calculate the remainder when 151427 is divided by 35.
